, what is -151386 - -c?
-151377
In base 12, what is -b714 - -8?
-b708
In base 2, what is 1000101100011111 + -1?
1000101100011110
In base 8, what is 4 + -2352443?
-2352437
In base 12, what is -40 + 42a?
3aa
In base 15, what is 224a - -9?
2254
In base 3, what is 1000220202001 - 11?
1000220201220
In base 3, what is -12 - 12110012?
-12110101
In base 8, what is -12 - -1677?
1665
In base 7, what is 130412 - -4?
130416
In base 7, what is 1335416 - 5?
1335411
In base 4, what is 12 - -2120232013?
2120232031
In base 12, what is 2376 + 60?
2416
In base 14, what is -7 - -1116?
110d
In base 16, what is -4 - -119b8?
119b4
In base 9, what is -21166 + -18?
-21185
In base 4, what is 111 + -2121302?
-2121131
In base 6, what is 535 + -31120?
-30141
In base 5, what is -23220143 + 4?
-23220134
In base 13, what is -9 + 10b2?
10a6
In base 12, what is -ab155 + -2?
-ab157
In base 8, what is 6 + -2573?
-2565
In base 2, what is -1000010 - 111001111?
-1000010001
In base 12, what is 43b - 24?
417
In base 15, what is 81 - 31eb?
-316a
In base 2, what is 101 - -1000011101001?
1000011101110
In base 15, what is 0 - -c2e0?
c2e0
In base 15, what is 2284a - 2?
22848
In base 5, what is -10212 - -42043?
31331
In base 15, what is -258 - 24?
-27c
In base 5, what is -123133 - 2333?
-131021
In base 15, what is 4 + -729?
-725
In base 11, what is -78886 + 4?
-78882
In base 12, what is -1361 - 574?
-1915
In base 3, what is 220012 + 11210?
1001222
In base 2, what is 11110000001 - 11?
11101111110
In base 16, what is 3cdc0 - 0?
3cdc0
In base 13, what is 1906 - -20?
1926
In base 4, what is -1 - -3200322?
3200321
In base 16, what is 1 + -b7d?
-b7c
In base 16, what is -12316a + -2?
-12316c
In base 4, what is -1013 - 11010113?
-11011132
In base 2, what is -10001111111100101 + -1000?
-10001111111101101
In base 8, what is -110 + 75132?
75022
In base 7, what is -1564635 - 5?
-1564643
In base 2, what is -100 + 10000000111100?
10000000111000
In base 7, what is 614 - 424?
160
In base 15, what is 10 + 3399?
33a9
In base 14, what is -63a11 - 0?
-63a11
In base 4, what is 2010313200 - -3?
2010313203
In base 14, what is -b2 - -2d0?
21c
In base 11, what is 136 + -43?
a3
In base 11, what is 9a3060 + -5?
9a3056
In base 12, what is 31a + 23?
341
In base 10, what is 4 + -86713?
-86709
In base 11, what is 10 + 873a8?
87408
In base 11, what is a - 17732?
-17723
In base 8, what is 32256 - 2?
32254
In base 15, what is -7c + -bce?
-c5b
In base 12, what is -877 - -2277?
1600
In base 12, what is 9 + -8815?
-8808
In base 15, what is -127a - -5?
-1275
In base 3, what is -1012 - 10021212120?
-10021220202
In base 12, what is -1b6 - 754?
-94a
In base 5, what is -4 - -134311210?
134311201
In base 12, what is -3 + 7023?
7020
In base 4, what is -11 - 21210222?
-21210233
In base 16, what is 1ee - -28c?
47a
In base 4, what is 20213201 - 20?
20213121
In base 4, what is 1310313 - -30222?
2001201
In base 8, what is -1 - 145567?
-145570
In base 10, what is -7043 - 5?
-7048
In base 6, what is -250323 - 42?
-250405
In base 4, what is -3 - 1221100?
-1221103
In base 11, what is 8 + -3136?
-3129
In base 14, what is 3 + 63848?
6384b
In base 16, what is -17 + 19ef?
19d8
In base 10, what is 17 + -42352?
-42335
In base 16, what is -21 + -6c22?
-6c43
In base 11, what is -19290a + 3?
-192907
In base 11, what is -5120 + 254?
-4977
In base 7, what is -130 - 11053?
-11213
In base 13, what is 6c593 - -3?
6c596
In base 13, what is 2 + 5c33?
5c35
In base 16, what is 6c + fb?
167
In base 15, what is -14 + 1065?
1051
In base 5, what is -4 + -2043242?
-2043301
In base 5, what is -4 - 320431100?
-320431104
In base 14, what is 191abb - 5?
191ab6
In base 3, what is -12 - 20101011212?
-20101012001
In base 6, what is 3312 - 4454?
-1142
In base 11, what is 1 - 4aa4?
-4aa3
In base 7, what is 21556 + 1?
21560
In base 15, what is 27 - -1098?
10c0
In base 15, what is 0 - 4843e?
-4843e
In base 9, what is 3 + -141305?
-141302
In base 7, what is -2 + -3236103?
-3236105
In base 13, what is 39b - 123?
278
In base 7, what is -1 + -5410?
-5411
In base 15, what is 18ea + 9?
1904
In base 14, what is 443216 + 0?
443216
In base 3, what is -2 - 2010120011110?
-2010120011112
In base 2, what is 11010011110 - 11101?
11010000001
In base 4, what is 12223201 + 323?
12230130
In base 11, what is -3 + -25643?
-25646
In base 8, what is -2006 + -125?
-2133
In base 2, what is 100000110010 + 10111011100?
111000001110
In base 12, what is -4b046 + -34?
-4b07a
In base 11, what is 1869448 + -1?
1869447
In base 2, what is 100 + 111100101100100000?
111100101100100100
In base 7, what is 1104 + 2531?
3635
In base 12, what is 129 + -1009?
-aa0
In base 14, what is -222 + -1c4?
-406
In base 2, what is -1111 - -1001111101111?
1001111100000
In base 11, what is -10 + -23150?
-23160
In base 3, what is 22200 + 222?
100122
In base 11, what is -287 + -82?
-359
In base 3, what is -1002012 + -1121110?
-2200122
In base 15, what is -d - 136?
-144
In base 14, what is 58d + -11?
57c
In base 12, what is 13a + -1bb7?
-1a79
In base 3, what is -20102212 - 1202?
-20111121
In base 3, what is -1020 + -2211102222?
-2211111012
In base 4, what is -20320 - 2100?
-23020
In base 5, what is -3404 + 3?
-3401
In base 16, what is 4452 - 4?
444e
In base 6, what is 0 - 102?
-102
In base 11, what is -3a + -11325?
-11364
In base 14, what is 2710 + -2?
270c
In base 12, what is 9787 - -2?
9789
In base 16, what is 1610 + 4?
1614
In base 4, what is -1 - -120331123?
120331122
In base 10, what is 155 - 266?
-111
In base 11, what is 30a - -989?
1198
In base 11, what is -68 - 18864?
-18921
In base 5, what is -1023 + -4400?
-10423
In base 16, what is 59fd - 5?
59f8
In base 6, what is -1030 + -241?
-1311
In base 5, what is -4 - 341304?
-341313
In base 5, what is 2444241 + 3?
2444244
In base 13, what is 89b - -1a?
8b8
In base 14, what is -3 - -c513?
c510
In base 9, what is 6528 - 1?
6527
In base 15, what is 16da + -14?
16c6
In base 5, what is -432 + -3120?
-4102
In base 9, what is 36 - -10001?
10037
In base 2, what is -1011100111101100011010 - -100?
-1011100111101100010110
In base 8, what is 4612 - -1?
4613
In base 16, what is 5534 - -3?
5537
In base 10, what is 734 + 4443?
5177
In base 8, what is -2254 + 145?
-2107
In base 3, what is 11220221 + 10210?
12001201
In base 2, what is -1110 - -100010000110?
100001111000
In base 5, what is 2042 + -341?
1201
In base 11, what is -19a61 + 3?
-19a59
In base 15, what is -197dd + 5?
-197d8
In base 14, what is 1bd - -8c?
26b
In base 13, what is 2a1a8 - -1?
2a1a9
In base 7, what is -621654 - 2?
-621656
In base 3, what is 102101 + 1010?
110111
In base 4, what is -3000 - 120200?
-123200
In base 12, what is 7 - 10a95?
-10a8a
In base 3, what is -101 - -11021?
10220
In base 14, what is -466da2 - -1?
-466da1
In base 4, what is 1103 - -13123?
20232
In base 14, what is -2 + c019?
c017
In base 11, what is 6032 + a?
6041
In base 10, what is 3 - -1931?
1934
In base 16, what is -10 + 560?
550
In base 11, what is -420 + 49?
-382
In base 5, what is -10 + -11001121?
-11001131
In base 10, what is -149 + 32?
-117
In base 2, what is -101100 - -11110000111011101?
11110000110110001
In base 2, what is -1011101001 + -1100100?
-1101001101
In base 16, what is 17b25 - -4?
17b29
In base 12, what is 2033 - -34?
2067
In base 15, what is 3 - 11499?
-11496
In base 5, what is -110244230 - -13?
-110244212
In base 12, what is -29 - 694?
-701
In base 2, what is -100 + 10001010001110010?
10001010001101110
In base 2, what is 100 + 11001101001101?
11001101010001
In base 6, what is 2 + 23251551?
23251553
In base 4, what is 10032303323 - 10?
10032303313
In base 15, what is -7b + -bd?
-149
In base 15, what is bb + 4bd1?
4c9c
In base 11, what is -513 - -4413?
3a00
In base 8, what is -6 - 13063?
-13071
In base 15, what is 0 + -311?
-311
In base 9, what is 6 - -11387?
11404
In base 6, what is -2125532 + 0?
-2125532
In base 4, what is -1201112102 - -11?
-1201112031
In base 3, what is -100 + -121001200221?
-121001201021
In base 13, what is 4 + -70aa3?
-70a9c
In base 5, what is -42 + 32111?
32014
In base 7, what is -400615 + -4?
-400622
In base 2, what is 110101001 - -100100100?
1011001101
In base 13, what is 54 + -c70?
-c19
In base 16, what is -2e4 - 121?
-405
In base 15, what is -19 - -2be5?
2bcb
In base 14, what is 0 + -6c30?
-6c30
In base 1